ts digit of -4 + 42*(-3)/(-6)?
7
Let n(h) = -43*h**2 + 2*h. Let j be n(-2). What is the units digit of 6/(-10) + j/(-10)?
7
Suppose -x + 11 = -0*x + 5*m, 0 = 3*x - 3*m + 57. Let l = x + 20. What is the units digit of l?
6
Suppose -3*g = -4*z + 16, 5*z + 0*g = -4*g + 51. Let w(l) = l**2 - 2*l - 3. What is the units digit of w(z)?
2
Let r be 4/2*(-2)/(-4). What is the tens digit of r/((3 - 2)/14)?
1
Let z(d) = 31 + 16*d - 31. What is the units digit of z(1)?
6
Let m = 9 - -12. Let f = 2 + m. What is the units digit of f?
3
Suppose -15 = 5*w, 4*w = -6*h + 3*h - 12. Suppose 5*f = -h*f + 20. What is the units digit of f?
4
Let y(s) = -12*s + 1. What is the tens digit of y(-7)?
8
Suppose 4*x - 5*w = 776 + 1009, 1331 = 3*x + 4*w. What is the hundreds digit of x?
4
Let p(z) be the second derivative of z**4/12 + z**3/6 - z**2 - 5*z. What is the units digit of p(3)?
0
Let g(t) be the first derivative of t**2/2 - 3. Let k be g(3). Suppose -24 = k*x - 7*x. What is the units digit of x?
6
Let p be 8/(0 + 2) - -2. Suppose -3*j + 4*x = -p, j + 0 - 9 = -x. What is the units digit of j?
6
Let x(u) = -u**2 - 9*u + 11. What is the units digit of x(-8)?
9
Let b(a) = -a**2 + 5*a - 2. Suppose 0*q - 5*u = -4*q + 16, -3*q - 2*u = -12. Let z be b(q). Suppose 0*y = y + 3, -z*i + 9 = -y. What is the units digit of i?
3
Suppose 3 = w - 2*m, 0 = -4*w + 3*w + 4*m + 5. Suppose 0 = g - 4*h + 1 + w, 0 = 4*g - 5*h - 14. What is the units digit of g?
6
What is the units digit of (-1)/(1365/685 - 2)?
7
Let c(z) be the third derivative of z**5/60 + z**4/8 + z**3/3 - 2*z**2. What is the tens digit of c(-5)?
1
Suppose -14 - 12 = n - 5*a, 0 = 4*n - 2*a + 32. Let v be n/(-8) - (-105)/(-12). Let m = v + 12. What is the units digit of m?
4
Suppose m = 2*m + 1. Suppose -5*x + 10 = -5*g, x + 5*g = -14 - 2. What is the units digit of (0/(-2))/x - m?
1
Suppose -2*t + 166 = 26. Let c = 107 - t. What is the units digit of c?
7
Suppose 48 - 20 = 2*q. Let d = q + -7. What is the units digit of d?
7
Let x be -1*(-5 - -3) + 2. Suppose 0 = p + 4*v - 2*v - 31, -x*v = 4*p - 136. Let b = 58 - p. What is the tens digit of b?
2
Let a(t) = -t**3 + t**2 - t - 14. Let f be a(0). Let y = f + 26. Let r = y + -7. What is the units digit of r?
5
What is the hundreds digit of (-2 + 3)*(135 + 0)?
1
Suppose -2*o + o + 2 = 0. Let y(j) = o - 2*j**2 - 1 - j**3 + 1. What is the units digit of y(-2)?
2
Let o = 633 + -441. What is the units digit of o?
2
Let o(x) = 210*x. Let y be o(1). Suppose y = 3*q + 2*q. What is the tens digit of q?
4
What is the units digit of -1*(-1 - 2) + 12?
5
Let u(x) = 11*x + 1. What is the units digit of u(1)?
2
Let r(t) = -t**2 + 6*t - 1. Let s be r(5). What is the tens digit of (s/6)/((-4)/(-114))?
1
Let g(n) = 7 - 1 - n - 7 + 2*n**2. What is the tens digit of g(3)?
1
Let x(v) = 2*v**2 + 3*v + 1. Suppose 5 = 4*j - 7. What is the tens digit of x(j)?
2
Suppose -5*i + 468 = i. What is the tens digit of i?
7
Suppose -8*u + 19*u = 1056. What is the tens digit of u?
9
Suppose 2*x - 2*o - 22 = -0*x, -5*o = -2*x + 28. What is the units digit of x?
9
Let t(o) = o**3 - 4*o**2 + 5*o - 3. Let x(a) = a**3 + 6*a**2 - 8*a - 4. Let b = 10 + -17. Let u be x(b). What is the units digit of t(u)?
3
Suppose 0 = 3*p - 47 - 46. Let t = -15 + p. What is the units digit of t?
6
Suppose -15*j = -14*j - 110. What is the units digit of j/(-8)*4/(-1)?
5
Suppose -4*u + 2*c + 210 = 0, -2*u - 8*c + 3*c = -135. What is the tens digit of u?
5
Let o(f) = f. Let n be o(2). Suppose 2*q + 8 = 2*h, 4*q + n + 8 = 3*h. What is the units digit of h?
6
Let k(a) = -a**2 + 6*a + 2. Let q be (-6 - 3) + (1 - 0). Let v = q - -14. What is the units digit of k(v)?
2
Let a(g) = 4*g + 8. Let o be a(6). Suppose 20 = -2*f - o. What is the tens digit of (-394)/(-26) + 4/f?
1
Suppose -40 = -4*w + 104. What is the units digit of w?
6
Let s be -2 - 2 - (-5 + 15). What is the tens digit of 4/s - 1398/(-42)?
3
Let a be (4/8)/((-1)/(-6)). Suppose -2*l = a*l. Suppose 12 + l = 2*k. What is the units digit of k?
6
Let m(q) = q**3 - 9*q**2 - 11*q + 12. Let d be m(10). Suppose -f - 23 = 5*w, 3*f - f - 2 = d*w. Let i = 5 + f. What is the units digit of i?
2
Suppose 4*t + r = 13, -7 = t + 4*r - 29. Suppose 8 = -6*u + 2*u - 5*o, 0 = t*u - 4*o - 22. What is the units digit of u?
3
Let w = 418 - 167. What is the units digit of w?
1
Suppose 3*u - 3*z = u - 25, 0 = 5*u - 3*z + 85. Let t = u + 35. What is the tens digit of t?
1
What is the tens digit of (80/(-6))/((-356)/(-60) + -6)?
0
Suppose -11*o + 124 = -7*o. What is the units digit of o?
1
Let k(o) = -o**3 - 7*o**2 + 5. Let v be k(-7). Suppose -2 + 4 = 2*t + 3*d, -40 = 4*t - v*d. What is the units digit of (-57)/t - (-4)/(-10)?
1
Suppose 2*o - 41 = -o + 4*j, 0 = -2*j - 4. Let u(w) = w - 9. Let n be u(o). What is the units digit of 14/2 - (n - 1)?
6
Let k = -1 + 2. Suppose 3*x - 11 = k. What is the units digit of x?
4
Suppose 528 + 96 = 3*y. What is the tens digit of y?
0
Let d(n) = -40*n - 46. What is the hundreds digit of d(-5)?
1
Let i be 45/4*48/(-18). Let g = i - -47. What is the tens digit of g?
1
Let t(p) = -9*p**2 - 3*p + 4. Let z(m) = 9*m**2 + 3*m - 3. Let v(y) = 5*t(y) + 6*z(y). What is the units digit of v(-2)?
2
Suppose 2*i = 6 - 0. What is the units digit of i + 7 + 0 + 1?
1
Let b(f) = f**3 - 4*f**2 + 2. Let p be b(3). Let t = 68 - 58. Let u = t + p. What is the units digit of u?
3
Let l be (3/2)/((-6)/(-16)). Suppose -4*a + l = 0, -5*t + 23 = -0*t - 2*a. Suppose -5*n - p + 11 = -n, -41 = -4*n + t*p. What is the units digit of n?
4
Let k(y) = y**2 + 3*y + 2. Let b(t) = -t**3 + 6*t**2 - 5*t - 3. Let r be b(5). Let m be (r - 0)/((-6)/(-8)). What is the units digit of k(m)?
6
Let b(k) = -4 + 5 + 5 - 5*k. What is the units digit of b(-3)?
1
What is the hundreds digit of (2*-1 - -20)*(9 + 0)?
1
Suppose -i + 5 = -0. What is the units digit of (14/i)/((-2)/(-5))?
7
Let o(q) = q + 8 + 5 - 2. What is the units digit of o(-6)?
5
Suppose -j - 4 = j. Let i = j - 2. Let a(d) = -2*d. What is the units digit of a(i)?
8
What is the hundreds digit of 2/(-11) - (-16520)/110?
1
Suppose 25 - 7 = -3*v. Let h be (-42)/4 + (-2)/4. Let u = v - h. What is the units digit of u?
5
Let g(h) = h**3 + 4*h**2 + 3*h + 2. Let t be g(-4). Let k be 84/t + 4/10. Let c = 13 + k. What is the units digit of c?
5
Suppose 5*p - 392 = -b, 3*p - 3*b - 224 = 2*b. What is the units digit of p?
8
Let d(h) = 2*h**2 - 3*h + 1. Let c be d(-3). Suppose 0 = q + 3*q - c. Let p = 12 - q. What is the units digit of p?
5
Let a = -44 - -64. What is the tens digit of a?
2
Suppose z + 4 = -0, 3*s = 4*z + 100. Let k = s - 19. What is the units digit of k?
9
Let f be 15*1/((-15)/(-9)). Suppose f = j - 3. What is the tens digit of j?
1
Let q = -38 - -23. Let j(z) = 12*z. Let u be j(5). What is the units digit of 8/u - 73/q?
5
What is the units digit of -1 + 3 - (-9)/3?
5
What is the units digit of (-5)/((-45)/96)*6?
4
Suppose 2*q + 0*q = 4, -3*t + 4*q = -7. Suppose 7 = t*p - 43. What is the units digit of p?
0
Let d = -6 - -3. What is the tens digit of 1*(28 + -3) + d?
2
Let z(a) = a + 11. Let o be z(-5). Let j = 50 - o. Let c = -30 + j. What is the units digit of c?
4
Let p(x) = -4*x + 3. Let k(c) = -c + 1. Let q(b) = 3*k(b) - p(b). Let l be q(3). Suppose j + 5 = 0, -3*r = r + l*j - 33. What is the units digit of r?
2
Let z(j) = -j**2 + 6*j - 6. Let y be z(4). Suppose -y*t + 39 = n, -5*t + 23 = n - 7. What is the tens digit of n?
4
Let u(l) = -l**2 + l + 12. Let o be u(4). Suppose -y + 2*t + 3 = 1, 4*y = 2*t + 8. Suppose y*n = 10 - o. What is the units digit of n?
5
Let v(g) = -2*g - 7. Let c be 2*(-10)/8*-2. Let k be v(c). Let f = k - -35. What is the tens digit of f?
1
Suppose -5*o + 4 = -o. Let h(t) = 5*t**2 - 1. What is the units digit of h(o)?
4
Let p be (-2)/7 - (-60)/14. Suppose -p*k + 3*g + 64 = -g, -g = 3. What is the tens digit of k?
1
Let d be 95/20 - (-2)/8. Let v = d + 1. Suppose -4*k - 8 + 32 = 2*l, -2*k + v = 0. What is the units digit of l?
6
Let x(t) = 9*t**2 - 2*t + 9. What is the tens digit of x(3)?
8
Suppose -s + 2*b = s, 0 = 2*s + b - 12. Suppose -49 = 3*z + 17. What is the units digit of s/z + 57/11?
5
Suppose 2*k - 3 = 5. What is the units digit of (1 - k)*(-2 + -1)?
9
Suppose -5*f + 4 + 16 = 0. Let g = -2 - f. What is the 